Let s(k) = k + 5. Let m be s(i). Let r(h) = -2*h + 1. Give r(m).
5
Let t(k) = 7*k**3 - 14*k**2 - 3*k - 49. Let g(y) = -16*y**3 + 30*y**2 + 6*y + 99. Let d(r) = 3*g(r) + 7*t(r). Determine d(9).
8
Let z(w) = -w**3 + w**2 + 1. Let v be 45/1*1/(20/8). Suppose 2*k - 12 = -f, 5*k - 7*k + v = 4*f. Suppose u = k*u + 8. Give z(u).
13
Let c(m) = -2*m**2 - 22*m - 20. Let d = 6796 + -6808. Calculate c(d).
-44
Let j(m) = 2*m - 37. Let y(p) = 23*p - 33. Let l be y(3). Let d be ((-408)/l)/(2/(-3)). Give j(d).
-3
Let s = 20 + -106. Let h be 5*11/(-275)*830/2. Let q = s - h. Let p(k) = 2*k**3 + 5*k**2 + k - 3. Calculate p(q).
-15
Let p(j) = 2*j - 35. Let i be p(21). Let w be (i/((-42)/32))/(4/(-6)). Suppose 20 - w = -3*q. Let x(t) = 2*t**2 + 6*t. Determine x(q).
8
Suppose 2*n + 97 = 117. Let x(b) = -b**3 + 10*b**2 - 6*b + 53. What is x(n)?
-7
Suppose 0 = -3*d + 8 + 19. Let v = 11 - d. Let q(m) = 870*m + 871*m - 1737*m - 1. Give q(v).
7
Suppose -7 = x - 8. Let j(v) = x - 2 + 6 - 15*v + 16*v. Determine j(4).
9
Let u be (64/(-4 + 36))/(1*-1). Let x(l) = -l**3 - 2*l**2 + l - 4. Determine x(u).
-6
Let c(p) = -32*p**2 + 223*p + 6. Let z be c(7). Let q(l) = -l**2 - 2*l - 2. Determine q(z).
-1
Let g(f) = f**3 + 7*f**2 - f - 7. Suppose 17*y - 6098 + 6217 = 0. Determine g(y).
0
Let n(b) be the second derivative of b**4/4 + 23*b**3/6 - 5*b**2/2 + 120*b. Let k(i) = -5*i**2 - 35*i + 8. Let r(w) = -5*k(w) - 8*n(w). Calculate r(10).
10
Let f(v) = 7*v - 34. Suppose 0 = -12*r + 16*r - 3*z - 9, 4*z - 22 = -6*r. Calculate f(r).
-13
Let f(r) be the second derivative of r**3/2 + 3*r**2 + 255*r. Determine f(7).
27
Let n(y) = -15*y**3 - 9*y**2 - 65*y - 48. Let t(b) = 7*b**3 + 5*b**2 + 31*b + 23. Let v(m) = 6*n(m) + 13*t(m). Give v(-10).
-19
Let o(u) = u**2 + 11*u + 10. Let q(w) = -w**3 - 6*w**2 - 2*w + 2. Let b be q(-2). Let m be o(b). Let j(s) = s**2 + 2*s + 1. Calculate j(m).
1
Let r be (-2)/7 - 50/70. Let y(k) = k - 15. Let n be y(17). Let d(c) = -3 + 508*c**2 - 507*c**n + 2 + c**3. Determine d(r).
-1
Let d(x) = -7*x - 3. Let w(c) = c**3 + 19*c**2 + 18*c + 9. Let g be w(-18). Suppose g*f + 48 = -7*f. Give d(f).
18
Suppose 13*s + 53 - 170 = 0. Let j be 48/s*1*9/(-6). Let q(z) = z**3 + 9*z**2 + 11*z + 8. Give q(j).
-16
Let v(d) be the third derivative of -d**5/60 - 5*d**4/24 + d**3/3 + 6224*d**2. Suppose m = -0*t - t, 0 = -m + 2*t - 15. Give v(m).
2
Let x be ((-9)/(-4))/(9/24). Let w(b) = -2*b**2 + 6*b - 2. Let j(c) = c**2 - 1. Let t(p) = j(p) + w(p). What is t(x)?
-3
Let g(j) = -j**2 - 3*j - 1. Let s(m) be the first derivative of -m**4/4 - 4*m**3/3 + m**2/2 + 2*m - 15. Let n be s(-5). Let b be (-11)/n*16/2. Calculate g(b).
-5
Let v(d) = d**3 - 78*d - 9*d**2 - 105*d - 9 + 234*d - 28*d. What is v(5)?
6
Suppose 0 = 87*q - 82*q + 15. Let g(m) = 9*m**3 - 5*m**2 - 2. Let x(f) = -f**2 - 1. Let k(h) = q*x(h) + g(h). Determine k(1).
8
Let a(n) be the third derivative of -n**5/60 + 13*n**4/24 - 35*n**3/6 + 251*n**2. Give a(9).
1
Let t(g) = 4*g - 1. Let m(h) = -h**2 + 4*h - 2. Let w(d) = 2*m(d) - 3*t(d). Suppose -3*r = -4*u - 1691, r - 234 = -4*u - 1937. Let a = -428 - u. What is w(a)?
-7
Let c(g) be the first derivative of -g**3/3 + 9*g**2/2 - 12*g + 12202. Determine c(6).
6
Let u(i) = i - 3. Let j be -2*(-4)/24 + 536/3. Let a = 185 - j. Determine u(a).
3
Suppose 19*h - 21*h + 664 = 0. Let w(q) = h*q**2 + 11*q + 4 - 327*q**2 - q**3 - 16*q. Suppose -7*m + 3*m + 12 = 0. What is w(m)?
7
Let q(f) = 1 + 2 + 0 - f**2 + 0 - 5. What is q(-3)?
-11
Suppose 5*w - 5*v + 65 = 0, 6*w + 13 = -4*v - 35. Let r(q) be the first derivative of -q**3/3 - 6*q**2 - 6*q - 2. What is r(w)?
14
Let k(l) be the second derivative of 9 + 1/6*l**3 - 4*l**2 - l. What is k(7)?
-1
Let i be (-6 - -7) + 1 + 1. Suppose 0 = -7*j + i*j + 4. Let k(g) = -16*g**3 - 27*g**3 + 48*g**3 - j + 2*g**2. What is k(-1)?
-4
Let o(b) = 10*b + 19. Let j(v) = 7978*v - 7979*v + 0 + 3. Let l(x) = -6*j(x) + o(x). Give l(1).
17
Let o(u) = -u**3 + 3*u + 5*u + 3*u**3 + 2*u + 3 - 7*u - 3*u**2. Determine o(2).
13
Let x(a) = -a**3 - 10*a**2 + 13*a + 24. Let q = 5054 - 5065. Calculate x(q).
2
Let j(i) = 11*i - 14. Let r be 0*(52/12 + -4). Determine j(r).
-14
Let i be (-19)/95 - 54/30. Let w(k) = k**2 - k. Determine w(i).
6
Suppose 4*n + 5*j - 35 = -n, 0 = 4*n - 3*j - 28. Suppose -n*x + 0*x + 63 = 0. Let p(i) = -2*i - 4*i - i**2 - x + 5*i + i**3. Calculate p(0).
-9
Let i(x) = x + 48. Let r be i(-33). Let k(q) = -r + 0*q**2 + 3*q**2 + 10*q + q**3 - 9*q - 15*q**2. Calculate k(12).
-3
Let u(y) = y**2 - 64520*y + 25 + 5 + 64533*y. Determine u(-8).
-10
Let l(c) = 11*c + 132. Suppose 45*x - 58*x - 156 = 0. Determine l(x).
0
Let q = 154 + -149. Let l(d) = 2*d**3 - 22*d**2 - 7*d + 21. Let n(h) = h**3 - 11*h**2 - 3*h + 11. Let f(j) = q*n(j) - 2*l(j). Determine f(11).
2
Let u(q) = -57*q - 857. Let i be u(-15). Let a(l) = 2*l**3 + 4*l**2 + 5*l + 6. Determine a(i).
-4
Suppose 5*w - w - 48 = 0. Let m(f) = 74 - w*f - 70 + f**2 + 12*f. What is m(-3)?
13
Suppose 2*m + 3*l = 40, -8 = 2*m + l - 48. Let v(s) = 5 - 18*s - s**3 - 8*s + 6*s**2 + s**2 + m*s. Give v(6).
5
Let b(t) be the third derivative of t**6/120 + 3*t**5/20 - t**4/24 - t**3/2 + 1193*t**2. Calculate b(-9).
6
Let q(l) = -545 - 64*l + 71*l + 467. Determine q(16).
34
Let w(c) = 15*c - 25. Let i = -19 - -13. Suppose -n = n - x - 30, 32 = 4*n + 5*x. Let m(t) = 7*t - 12. Let g(r) = i*w(r) + n*m(r). Determine g(0).
-6
Let o(g) = -15 - 47*g**2 + 38*g + 53*g**2 - g**3 - 26*g. Calculate o(7).
20
Suppose -12 = -7*o + 65. Let d(a) = -15 + 33 - 12 - o - a. Give d(0).
-5
Let v(m) = -23*m**3 - 6*m**2 - 2*m - 2. Let b(s) = 11*s**3 - s**2 - 2*s + 1. Let h(y) = 2*b(y) + v(y). What is h(-3)?
-27
Let n(x) be the first derivative of x**3/3 - 17*x**2/2 - 94*x + 294. What is n(21)?
-10
Let g(j) be the first derivative of j**4/24 - j**3/2 + j**2 - 3. Let p(u) be the second derivative of g(u). Let x be 4 + 0 - 2/(-4)*(44 + -36). What is p(x)?
5
Suppose -4*z + 21 = 13. Suppose -z = -37*q + 38*q. Let u be 4 - -1 - 6/q. Let v(a) = -a**2 + 8*a - 2. Give v(u).
-2
Let v be 288/(-84) + (-3)/(-7). Suppose 3*a + 16 = 2*u, -25 = -5*u + a + 2. Let k(d) = -52 + 4*d**2 + u*d + 25 + d**3 + 31. What is k(v)?
-2
Let y(t) = -t - 161. Let u(o) = -2*o - 210. Let f(b) = 3*u(b) - 4*y(b). Suppose z = 4*x - 3*x - 5, -4*x = 5*z - 29. Determine f(x).
2
Let s(u) = 3*u + 59. Let w(m) = -m**3 - 9*m**2 - 4*m + 57. Let q be w(-5). Let z be s(q). Let y(l) = 2*l. What is y(z)?
-20
Let w(o) = -130*o + 25. Let t(k) = -350*k + 74. Let j(h) = 3*t(h) - 8*w(h). Give j(-3).
52
Let h(g) = 398*g + 65. Let d(m) = 860*m + 131. Let y(b) = 6*d(b) - 13*h(b). Give y(-8).
53
Let w(d) = -5*d**3 - 15*d**2 - 3. Let v(f) = -6*f**3 - 16*f**2 - f - 6. Let k(s) = 6*v(s) - 7*w(s). Determine k(8).
1
Suppose 42 = -4*d - 5*i, 2*d - 4 = 5*i + 20. Let x(n) = -9*n**2 + 6*n - 21. Let b(v) = 4*v**2 - 3*v + 10. Let m(o) = -13*b(o) - 6*x(o). Give m(d).
5
Let l(m) be the first derivative of -7*m**4/2 + 2*m**3/3 + m**2 + m - 41445. Let a be ((-1)/(-2))/((-1)/2). Give l(a).
15
Let n(q) = 11*q**2 - 388*q + 3. Let x(u) = 17*u**2 - 545*u + 5. Let h(t) = 7*n(t) - 5*x(t). What is h(2)?
-18
Suppose 3*b + 4*m = 9, -m = 2*b + 3*b + 2. Let j be (0 + 1)*(b - (-3 - 0)). Let s be (-8)/(-3)*3/j. Let p(y) = y**3 - 2*y**2 - 4*y - 2. Give p(s).
14
Let s(j) = -j**2 + 21*j + 40. Let h be 1*(-19 - -65)/2. Calculate s(h).
-6
Let z(m) = -m**2 + 11*m - 3. Suppose 0 = 135*c - 131*c - 4. Let u(t) = -t + 9. Let k be u(c). Calculate z(k).
21
Let f(g) = g**2 + 8*g - 64. Suppose 41*a = 62*a + 273. Determine f(a).
1
Let h(p) = p**2 - 5*p + 3. Suppose -4*a - 501 = 87. Let i = -943 + 951. Let f be (-2)/i + a/(-28). What is h(f)?
3
Let c(i) = 4*i - 4*i - 84 + 69 - 5*i - 57. Give c(-15).
3
Let j(b) be the first derivative of b**4/4 - 8*b**3 - 13*b**2 + 22*b + 3935. Give j(25).
-3
Let m = 7255 - 7261. Let q(f) = f - 6*f**2 + f - f**3 - 2 - f. Calculate q(m).
-8
Let g = -519 - -523. Let i(m) be the first derivative of m**4/4 - 2*m**3/3 + 3*m - 36. Give i(g).
35
Let c(g) be the third derivative of g**6/120 - g**5/60 + g**4/8 + g**3/6 + 8*g**2 - 342*g. Give c(0).
1
Let y be 0/(-2) + 1 - 8/(-4). Let g(p) = 5*p**2 - 4*p**3 + y*p**3 - 3*p - 5*p**2 + 2 + 2*p**2. Suppose -2*q - 3*q - 5*k = 15, 11 = 3*q - k. What is g(q)?
-4
Let n(g) = 5*g